5 - 572. Suppose -l*t + 402 = 159. Calculate the remainder when t is divided by 2.
1
Let f = 25 - -93. What is the remainder when f is divided by 60?
58
Let b = 48 - 59. Suppose -10*h - 6 = -7*h - 5*f, 4*h = -2*f + 18. Calculate the remainder when 0/(-1) - b - 2 is divided by h.
0
What is the remainder when (-2)/(-18) + 63616/288 is divided by 40?
21
Let i = 371 + -361. Calculate the remainder when i*((-30)/4)/((-15)/9) is divided by 14.
3
Suppose 41*x - 97015 = -25306. What is the remainder when x is divided by 103?
101
Let u(b) = 8*b + 9. Let v = 520 - 371. What is the remainder when v is divided by u(1)?
13
Suppose 3*c - 103 = -2*l, -l = 3*l - 20. Let n be (-6)/9 - 2696/6. What is the remainder when ((-20)/25)/(4/n) is divided by c?
28
Suppose a = -a + 4. Let y be 11*(4 + -6 + 3). Suppose -y = -n - a. What is the remainder when 34 is divided by n?
7
Let i(c) = 4*c**2 - 7*c - 42. Let j(n) = n**2 - 22*n - 78. Let p be j(25). Calculate the remainder when 326 is divided by i(p).
11
Suppose -2*q + i = -3, 2*i = q - 0*q + 6. Suppose 4*u - 580 = -q*p, 4*p - 6*p + 2 = 0. Calculate the remainder when u is divided by 21.
18
Suppose 2*i + 5*h + 80 = 196, 176 = 4*i - 4*h. Calculate the remainder when 5806 is divided by i.
46
Calculate the remainder when ((-28908)/(-231))/(-3 + 45/14) is divided by 39.
38
Suppose 3*a - 25 + 10 = 0, -5*r - 5*a = -1365. What is the remainder when r is divided by 37?
9
Suppose 307*n = 2*j + 302*n - 6535, 5*n = 15. Calculate the remainder when j is divided by 21.
20
Let u = -108 - -137. Suppose -u*t - 15 = -30*t. Suppose -o + 241 = 4*i - 0*o, -4*i - 5*o + 261 = 0. Calculate the remainder when i is divided by t.
14
Suppose 29*x - 22 = 7. Let c(k) = 3*k + 0*k - 2 + 0 + 46*k**2. What is the remainder when 92 is divided by c(x)?
45
Let d(n) = -3*n**2 - 82*n + 11. What is the remainder when 440 is divided by d(-27)?
22
Let q = -87 - -104. Let d = q + -15. Calculate the remainder when 3 is divided by d.
1
Suppose 5*p - 353 = 137. Suppose -f + p = 3*j, 14*f - 16*f - 156 = -5*j. What is the remainder when 127 is divided by j?
31
Suppose 48*h - 11753 = 2215. Calculate the remainder when h is divided by 12.
3
Suppose -4*k = -74 + 18. Calculate the remainder when (5 - (10 + -7))*(0 - (-123)/6) is divided by k.
13
Let j = 1824 + -1274. Suppose -186*i = -197*i + j. Calculate the remainder when 66 is divided by i.
16
Suppose -2841 = -4*f + q - 19, 3*f - 2115 = q. Calculate the remainder when 708 is divided by f.
1
Let r = 202 + -65. Suppose -x - 5*h - 3 = 0, 7*x - 2*x - 4*h - 14 = 0. Calculate the remainder when r is divided by ((-5)/(-20))/(x/184).
22
Suppose -21*y - 900 = -36*y. Suppose -5*p = -0*p - 25, -4*h + 4*p = -y. Let k(u) = -u + 4. What is the remainder when h is divided by k(-5)?
2
Let s be (-6)/(-51) - (-72)/(-34). What is the remainder when 13 is divided by 13/(91/56) - s?
3
Let t(o) = 2*o**3 - 53*o**2 - 131*o - 397. Calculate the remainder when 364 is divided by t(29).
4
Suppose 5*p + 3*z - 4 = 0, -3*p - 3*z = -z - 2. Let s(i) = i**3 - 3*i**2 + 5*i - 4. Calculate the remainder when 7 is divided by s(p).
1
Suppose 6*m - 230 = -5 + 21. Calculate the remainder when 880 is divided by m.
19
Let a = 740 + -329. Let l be 0 + -4 - (12 - a). Suppose -5*w - l = -5*f, -5*f + 4*w + 398 = -0*w. Calculate the remainder when f is divided by 14.
12
Let c(q) = 84*q - 975. Suppose r + 3*r = 16. Suppose -3 = r*a - 27. Calculate the remainder when c(12) is divided by a.
3
What is the remainder when ((-204)/408)/(1/(-100)) is divided by 31?
19
Suppose -r + 7*r = 576. Let i = r - -115. What is the remainder when i is divided by 54?
49
Let m be (392/(-10))/(6/(-45)). Suppose -42*s + m = -35*s. What is the remainder when 249 is divided by s?
39
Let m = -51 - -46. Let u = 44 - 54. Calculate the remainder when 18 is divided by ((-22)/u)/(m/(-25)).
7
Suppose 153 - 15 = -r. Suppose 31*q - 21*q = -40. What is the remainder when 2/q*r/3 is divided by 12?
11
Suppose 4*a + 5*v - 34 = 0, -5*a - 4 + 24 = -5*v. Let w be -4*(-3)/28 + 70/(-49). What is the remainder when 20 + (w + 1)*a/(-18) is divided by 4?
0
Let y = 12382 - 11622. Calculate the remainder when y is divided by 81.
31
Let b = 15683 + -15662. Calculate the remainder when 4030 is divided by b.
19
Let t = -215 + 361. Suppose -24*k + 508 = -572. What is the remainder when t is divided by k?
11
Let k(n) = n**3 + 29*n**2 - 39*n - 19. Calculate the remainder when 1023 is divided by k(-30).
19
Calculate the remainder when 668 is divided by 18579/99 - (-3)/9.
104
Let r be (-30)/((-3)/1) + -4. Let p be (117/(-27))/((-2)/r). Suppose 0 = p*b - 15*b + 336. Calculate the remainder when b is divided by 17.
15
Let j(r) = 12*r**2 - 4*r + 68. Calculate the remainder when j(7) is divided by 15.
13
Suppose 9*q = 21*q - 19*q + 9506. Calculate the remainder when q is divided by 105.
98
Suppose 5*i - 3*q - 6188 = 125, -31*i + 39059 = -5*q. Calculate the remainder when i is divided by 628.
3
Let w = -298 - -283. What is the remainder when 50 is divided by (3 + 25/w)*(-126)/(-6)?
22
Suppose 7*x + 140 = 22*x - 11*x. Suppose 132 + 47 = 2*s + z, 4*s = 2*z + 378. Let f = 11 + s. Calculate the remainder when f is divided by x.
33
Let c(q) = 1602*q + 94. Let w(k) = -k**3 + 5*k**2 + 4*k + 1. Calculate the remainder when c(0) is divided by w(4).
28
Let o be 386/6 + (-1)/3. Suppose -3*b - o = -5*b. What is the remainder when 126 is divided by b?
30
Let s(g) = -3*g**2 - 15*g + 13. Let p be s(-6). Let f = -47 + 80. What is the remainder when f is divided by (-1991)/(-143) - p/65?
5
Let c(d) = -153*d - 75. Calculate the remainder when 112 is divided by c(-1).
34
Let r be 1 + 6 + -4 - 4/(-4). Suppose p = -r*i + 324, -i = -3*i - p + 164. Calculate the remainder when i is divided by 12.
8
Let u = -623 - -644. Suppose -25*r + 18*r = -1456. Calculate the remainder when r is divided by u.
19
Let v(d) = 75*d - 2231. Calculate the remainder when 676 is divided by v(30).
11
Let u = 12225 - 12208. Suppose -5*c = 2*b + 24, 0*c - 2*c - 2*b = 6. Calculate the remainder when u is divided by 81/c*(-4)/6.
8
Calculate the remainder when 859 is divided by (38/(-10) + -1)/((-924)/6160).
27
Let f = 2550 - 2416. What is the remainder when 270 is divided by f?
2
Suppose -2*h = -5*z + 71 - 811, -5*h + z = -1781. What is the remainder when h is divided by 8?
3
Let h = 103 - 94. Let w(m) = m**3 - 8*m**2 - 3*m - 4. What is the remainder when 246 is divided by w(h)?
46
Suppose 4*d + 5 = 9*d. Suppose -16 = -m + d. Calculate the remainder when 98 is divided by m.
13
Suppose 2*r - 41*r = -390. Let f(o) = -o**2 - 12*o + 2. Let j be f(-12). Let c = j + r. Calculate the remainder when 56 is divided by c.
8
Suppose -w + 5*w - 64 = 0. Let l(q) = -q**2 - 20*q + 7. Let y be l(-15). Let g = y - w. Calculate the remainder when g is divided by 14.
10
Let k = 20 + 14. Let q = -19659 - -19666. What is the remainder when k is divided by q?
6
Let x = 14015 - 13568. What is the remainder when x is divided by 237?
210
Let m = -5894 - -7476. What is the remainder when m is divided by 99?
97
Let t(m) = 244*m + 4017. Calculate the remainder when t(-9) is divided by 61.
52
Suppose -896*n + 901*n - 231 = -2*f, -3*f = -9. What is the remainder when n is divided by 32?
13
Let d = 1767 + -1736. Suppose -2*s = -2*l + 2*s + 50, 2*s = -l + 9. What is the remainder when d is divided by l?
14
Let f(b) = -42*b + 92 + 33*b + 61. Calculate the remainder when f(12) is divided by 15.
0
Suppose 4*c - 644 = -2*b, -626 = -2*b - c + 3*c. Let s = -241 + b. What is the remainder when s is divided by 14?
5
Calculate the remainder when 307 is divided by 16180/76 - (-14)/133.
94
Let m(f) = 52*f - 43. Let l be m(7). Suppose 2*d = 3*s + 179, -5*d + 757 = 4*s + l. What is the remainder when d is divided by 29?
1
Let v = -22 - -300. What is the remainder when 1657 is divided by v?
267
Let p(f) = -3*f - 10. Let b be p(-9). Suppose 6*i - b = 49. Suppose -2*z = -i*z + 324. What is the remainder when z is divided by 11?
3
Let y be ((-16)/(-5))/(1/20). Suppose y = 3*t - 0*t + 2*v, 2*v + 2 = 0. What is the remainder when 107 is divided by t?
19
Let g(d) = 9*d**2 + 35*d + 6*d - 40*d. Calculate the remainder when 438 is divided by g(1).
8
Let z = 30 - 15. Let d(q) = 15*q - 1217. Let m be d(81). What is the re